9 a factor of 413?
False
Does 6 divide 26295?
False
Does 10 divide 7072?
False
Is 33 a factor of 4752?
True
Is 97919 a multiple of 18?
False
Does 4 divide 292?
True
Is 2627 a multiple of 34?
False
Is 113 a factor of 34927?
False
Is 18 a factor of 25465?
False
Is 614 a multiple of 2?
True
Is 3 a factor of 16?
False
Is 268 a multiple of 21?
False
Is 17 a factor of 75749?
False
Is 14 a factor of 1134?
True
Does 4 divide 572?
True
Is 166 a factor of 78128?
False
Does 104 divide 2738?
False
Does 33 divide 2452?
False
Is 7774 a multiple of 7?
False
Is 10 a factor of 1255?
False
Is 288 a multiple of 24?
True
Is 12 a factor of 2868?
True
Is 40 a factor of 54278?
False
Is 20 a factor of 4940?
True
Is 14 a factor of 149?
False
Is 4860 a multiple of 90?
True
Does 13 divide 161?
False
Is 12 a factor of 768?
True
Does 8 divide 496?
True
Is 14 a factor of 11466?
True
Is 116 a factor of 28067?
False
Is 2591 a multiple of 8?
False
Does 47 divide 45117?
False
Does 49 divide 18669?
True
Is 54 a factor of 2170?
False
Is 19 a factor of 120?
False
Is 44 a factor of 1408?
True
Does 14 divide 478?
False
Is 175 a multiple of 4?
False
Is 4 a factor of 10268?
True
Is 12 a factor of 1530?
False
Is 13 a factor of 67?
False
Does 41 divide 3734?
False
Is 32111 a multiple of 163?
True
Does 51 divide 1581?
True
Is 18 a factor of 3258?
True
Is 6 a factor of 360?
True
Is 8597 a multiple of 96?
False
Does 42 divide 840?
True
Does 5 divide 926?
False
Does 23 divide 1265?
True
Is 1178 a multiple of 62?
True
Does 68 divide 119?
False
Is 11608 a multiple of 25?
False
Is 501 a multiple of 7?
False
Is 8 a factor of 808?
True
Is 416 a multiple of 26?
True
Is 246 a multiple of 12?
False
Is 14 a factor of 476?
True
Is 6 a factor of 380?
False
Is 15 a factor of 54?
False
Is 9243 a multiple of 84?
False
Is 2127 even?
False
Does 27 divide 955?
False
Does 108 divide 3242?
False
Does 10 divide 710?
True
Does 41 divide 1640?
True
Does 68 divide 1224?
True
Does 58 divide 1626?
False
Does 3 divide 1069?
False
Is 3 a factor of 255?
True
Is 855 a multiple of 45?
True
Does 9 divide 25820?
False
Is 3821 a multiple of 33?
False
Is 35461 a multiple of 12?
False
Does 5 divide 29340?
True
Is 9 a factor of 9549?
True
Is 2280 a multiple of 20?
True
Is 21675 a multiple of 51?
True
Does 6 divide 193?
False
Is 13 a factor of 17530?
False
Is 6419 a multiple of 131?
True
Is 181 a factor of 28236?
True
Does 105 divide 315?
True
Is 2736 a multiple of 114?
True
Is 17 a factor of 578?
True
Is 3696 a multiple of 56?
True
Is 6272 a multiple of 32?
True
Does 68 divide 1972?
True
Is 180 a multiple of 5?
True
Does 5 divide 252?
False
Is 968 a multiple of 11?
True
Is 3228 a multiple of 12?
True
Does 47 divide 7343?
False
Is 3318 a multiple of 7?
True
Is 5 a factor of 745?
True
Does 7 divide 37154?
False
Is 182 a multiple of 13?
True
Is 21 a factor of 651?
True
Does 10 divide 1464?
False
Is 1150 a multiple of 77?
False
Is 188 a multiple of 7?
False
Is 3 a factor of 3951?
True
Is 8460 a multiple of 45?
True
Is 24 a factor of 189?
False
Is 23068 a multiple of 115?
False
Is 1286 a multiple of 21?
False
Does 20 divide 61645?
False
Does 10 divide 17270?
True
Does 30 divide 1470?
True
Is 1311 a multiple of 57?
True
Is 5 a factor of 355?
True
Does 5 divide 2404?
False
Is 12 a factor of 20482?
False
Is 14271 a multiple of 3?
True
Does 52 divide 2860?
True
Is 1513 a multiple of 17?
True
Is 27 a factor of 486?
True
Is 67 a multiple of 4?
False
Does 90 divide 3560?
False
Is 88 a factor of 6146?
False
Is 16 a factor of 432?
True
Does 5 divide 65?
True
Is 8784 a multiple of 9?
True
Is 43120 a multiple of 44?
True
Is 8509 a multiple of 127?
True
Is 126 a multiple of 18?
True
Is 855 a multiple of 14?
False
Does 18 divide 11196?
True
Is 449 a multiple of 27?
False
Is 57 a factor of 513?
True
Is 187 a multiple of 12?
False
Is 22038 a multiple of 36?
False
Is 3230 a multiple of 19?
True
Is 94 a factor of 51888?
True
Does 15 divide 78?
False
Does 252 divide 102312?
True
Does 12 divide 15864?
True
Is 609 a multiple of 24?
False
Is 32 a factor of 320?
True
Is 4 a factor of 98?
False
Is 108 a multiple of 11?
False
Is 16 a factor of 1173?
False
Does 18 divide 11407?
False
Is 1056 a multiple of 11?
True
Does 14 divide 602?
True
Is 20 a factor of 1380?
True
Is 121122 a multiple of 167?
False
Is 2286 a multiple of 54?
False
Is 20 a factor of 198?
False
Does 4 divide 1336?
True
Does 118 divide 19103?
False
Does 12 divide 1063?
False
Does 29 divide 1627?
False
Is 22 a factor of 314?
False
Is 344 a multiple of 20?
False
Is 8 a factor of 3192?
True
Does 28 divide 483?
False
Does 39 divide 59?
False
Is 984 a multiple of 123?
True
Is 15 a multiple of 3?
True
Does 58 divide 5572?
False
Is 5514 a multiple of 119?
False
Does 118 divide 39294?
True
Is 7608 a multiple of 12?
True
Does 91 divide 637?
True
Is 5521 a multiple of 7?
False
Is 105 a factor of 6624?
False
Is 3 a factor of 99?
True
Is 18 a factor of 148097?
False
Does 26 divide 876?
False
Is 36 a factor of 5076?
True
Does 61 divide 5221?
False
Is 61 a multiple of 12?
False
Is 2059 a multiple of 71?
True
Is 16492 a multiple of 19?
True
Does 22 divide 1030?
False
Does 37 divide 6642?
False
Does 20 divide 731?
False
Does 19 divide 40841?
False
Is 497 a multiple of 9?
False
Is 38 a factor of 11766?
False
Does 23 divide 681?
False
Does 12 divide 35640?
True
Does 26 divide 101504?
True
Is 957 a multiple of 4?
False
Is 5238 a multiple of 84?
False
Is 3304 a multiple of 13?
False
Is 9 a factor of 64125?
True
Is 118 a factor of 1344?
False
Is 471 a multiple of 39?
False
Is 4323 even?
False
Is 45 a factor of 23238?
False
Is 3069 a multiple of 93?
True
Is 5 a factor of 1105?
True
Is 79 a factor of 3647?
False
Is 2253 a multiple of 48?
False
Is 13 a factor of 6179?
False
Is 5232 a multiple of 12?
True
Is 4265 a multiple of 34?
False
Is 15 a factor of 450?
True
Is 10 a factor of 2061?
False
Is 34 a factor of 3120?
False
Is 1507 even?
False
Is 28 a factor of 5404?
True
Is 9 a factor of 639?
True
Is 28 a factor of 89320?
True
Is 62 a multiple of 12?
False
Does 109 divide 23108?
True
Is 186 a multiple of 3?
True
Does 91 divide 23205?
True
Does 32 divide 539?
False
Is 24936 a multiple of 24?
True
Is 1161 a multiple of 43?
True
Is 2929 a multiple of 78?
False
Is 55 a factor of 418?
False
Is 10 a factor of 16955?
False
Is 14 a factor of 30660?
True
Is 624 a multiple of 13?
True
Is 85 a factor of 71323?
False
Is 283 a multiple of 31?
False
Is 48 a factor of 897?
False
Is 7 a factor of 292?
False
Is 9 a factor of 7758?
True
Is 1955 a multiple of 115?
True
Is 32 a factor of 19840?
True
Is 11 a factor of 591?
False
Is 19 a factor of 2649?
False
Is 52286 a multiple of 120?
False
Is 101 a factor of 5928?
False
Is 4 a factor of 11343?
False
Is 147 a factor of 2827?
False
Does 21 divide 5922?
True
Is 13688 a multiple of 116?
True
Does 35 divide 350?
True
Does 3 divide 16037?
False
Is 318 a multiple of 58?
False
Does 12 divide 2704?
False
Is 613 a multiple of 45?
False
Is 5 a factor of 697?
False
Is 225 a factor of 38256?
False
Is 850 a multiple of 17?
True
Is 11 a factor of 4719?
True
Does 14 divide 3249?
False
Is 202 a factor of 8686?
True
Does 45 divide 2010?
False
Does 83 divide 1162?
True
Is 7764 a multiple of 80?
False
Is 329 even?
False
Is 47 a factor of 5663?
False
Is 60705 a multiple of 13?
False
Is 2 a factor of 69?
False
Is 52 a factor of 1248?
True
Is 12 a factor of 3035?
False
Is 3 a factor of 446?
False
Does 13 divide 4789?
False
Does 121 divide 3339?
False
Is 3 a factor of 96?
True
Is 6 a factor of 22295?
False
Is 9784 a multiple of 4?
True
Is 22 a factor of 22172?
False
Does 7 divide 206?
False
Does 45 divide 24510?
False
Is 29 a factor of 2597?
False
Is 530 a multiple of 10?
True
Is 5 a factor of 217?
False
Does 12 divide 26139?
False
Is 23 a factor of 68427?
False
Is 14 a factor of 13026?
False
Is 61 a factor of 7869?
True
Does 53 divide 1696?
True
Is 26391 a multiple of 98?
False
Does 23 divide 7015?
True
Is 103 a factor of 1492?
False
Does 7 divide 1175?
False
Does 4 divide 106?
False
Does 107 divide 13268?
True
Is 1794 a multiple of 46?
True
Is 22 a factor of 38122?
False
Does 30 divide 13770?
True
Is 11 a factor of 319?
True
Is 25 a factor of 1025?
True
Is 10 a factor of 6230?
True
Does 16 divide 1